{"id":55,"date":"2022-08-09T15:08:50","date_gmt":"2022-08-09T15:08:50","guid":{"rendered":"https:\/\/sovdladelund.de\/?page_id=55"},"modified":"2024-01-11T16:22:05","modified_gmt":"2024-01-11T15:22:05","slug":"kontakt","status":"publish","type":"page","link":"https:\/\/sovdladelund.de\/index.php\/kontakt\/","title":{"rendered":"Kontakt"},"content":{"rendered":"\n<p>Kontakt Email : sovdladelund@gmail.com <\/p>\n\n\n\n<p>Ansprechpartner im Vorstand sind:<\/p>\n\n\n\n<ul class=\"wp-block-list\">\n<li>1.Vorsitzender Wilfried Dix Dorfstra\u00dfe 4 25926 Ladelund Telefon 04666 1070<\/li>\n\n\n\n<li>2.Vorsitzende Monika Abele Jordholm 5 25926 Ladelund Telefon 04666 9898992<\/li>\n\n\n\n<li>Schatzmeister Rebekka P\u00f6rksen Petersen<\/li>\n\n\n\n<li>Schriftf\u00fchrerein Mariechen Dix<\/li>\n\n\n\n<li>Frauenbeauftragte Birgit Lewe<\/li>\n\n\n\n<li>Beisitzer Holger Petersen <\/li>\n\n\n\n<li>Beisitzende Birgit Lewe<\/li>\n\n\n\n<li>Revisorin Friedel Petersen<\/li>\n\n\n\n<li>Revisor Ralf Petersen <\/li>\n\n\n\n<li>Revisorin Jutta Neben<\/li>\n<\/ul>\n\n\n\n<p>Stand seit Oktober 2023<\/p>\n\n\n\n<p>Die Fotos werden vom OV Ladelund zur Verf\u00fcgung gestellt. Sie sind urheberrechtlich gesch\u00fctzt. Jede weitere Verwendung ist untersagt. Wenn Sie ein Foto entfernt haben m\u00f6chten, informieren Sie uns bitte.<\/p>\n\n\n\n<p><strong>Du hast noch Fragen? Dann kontaktiere uns hier<\/strong><\/p>\n\n\n<div class=\"wpforms-container wpforms-container-full wpforms-block wpforms-block-d29ed5db-4970-429d-89f4-16760f195c97\" id=\"wpforms-192\"><form id=\"wpforms-form-192\" class=\"wpforms-validate wpforms-form wpforms-ajax-form\" data-formid=\"192\" method=\"post\" enctype=\"multipart\/form-data\" action=\"\/index.php\/wp-json\/wp\/v2\/pages\/55\" data-token=\"4bc85a25cdea81f77e601f0a66bf7ed6\" data-token-time=\"1777202157\"><noscript class=\"wpforms-error-noscript\">Bitte aktiviere JavaScript in deinem Browser, um dieses Formular fertigzustellen.<\/noscript><div class=\"wpforms-field-container\"><div id=\"wpforms-192-field_0-container\" class=\"wpforms-field wpforms-field-name\" data-field-id=\"0\"><label class=\"wpforms-field-label\">Name <span class=\"wpforms-required-label\">*<\/span><\/label><div class=\"wpforms-field-row wpforms-field-medium\"><div class=\"wpforms-field-row-block wpforms-first wpforms-one-half\"><input type=\"text\" id=\"wpforms-192-field_0\" class=\"wpforms-field-name-first wpforms-field-required\" name=\"wpforms[fields][0][first]\" required><label for=\"wpforms-192-field_0\" class=\"wpforms-field-sublabel after\">Vorname<\/label><\/div><div class=\"wpforms-field-row-block wpforms-one-half\"><input type=\"text\" id=\"wpforms-192-field_0-last\" class=\"wpforms-field-name-last wpforms-field-required\" name=\"wpforms[fields][0][last]\" required><label for=\"wpforms-192-field_0-last\" class=\"wpforms-field-sublabel after\">Nachname<\/label><\/div><\/div><\/div><div id=\"wpforms-192-field_1-container\" class=\"wpforms-field wpforms-field-email\" data-field-id=\"1\"><label class=\"wpforms-field-label\" for=\"wpforms-192-field_1\">E-Mail <span class=\"wpforms-required-label\">*<\/span><\/label><input type=\"email\" id=\"wpforms-192-field_1\" class=\"wpforms-field-medium wpforms-field-required\" name=\"wpforms[fields][1]\" spellcheck=\"false\" required><\/div><div id=\"wpforms-192-field_2-container\" class=\"wpforms-field wpforms-field-textarea\" data-field-id=\"2\"><label class=\"wpforms-field-label\" for=\"wpforms-192-field_2\">Kommentar oder Nachricht<\/label><textarea id=\"wpforms-192-field_2\" class=\"wpforms-field-medium\" name=\"wpforms[fields][2]\" ><\/textarea><\/div><\/div><!-- .wpforms-field-container --><div class=\"wpforms-submit-container\" ><input type=\"hidden\" name=\"wpforms[id]\" value=\"192\"><input type=\"hidden\" name=\"page_title\" value=\"\"><input type=\"hidden\" name=\"page_url\" value=\"https:\/\/sovdladelund.de\/index.php\/wp-json\/wp\/v2\/pages\/55\"><input type=\"hidden\" name=\"url_referer\" value=\"\"><button type=\"submit\" name=\"wpforms[submit]\" id=\"wpforms-submit-192\" class=\"wpforms-submit\" data-alt-text=\"Senden\u2026\" data-submit-text=\"Absenden\" aria-live=\"assertive\" value=\"wpforms-submit\">Absenden<\/button><img loading=\"lazy\" decoding=\"async\" src=\"https:\/\/sovdladelund.de\/wp-content\/plugins\/wpforms-lite\/assets\/images\/submit-spin.svg\" class=\"wpforms-submit-spinner\" style=\"display: none;\" width=\"26\" height=\"26\" alt=\"Wird geladen\"><\/div><\/form><\/div>  <!-- .wpforms-container -->\n\n\n<div data-wp-interactive=\"core\/file\" class=\"wp-block-file\"><object data-wp-bind--hidden=\"!state.hasPdfPreview\" hidden class=\"wp-block-file__embed\" data=\"https:\/\/sovdladelund.de\/wp-content\/uploads\/2022\/08\/SoVD-Beitrittsformular-handschriftlich.pdf\" type=\"application\/pdf\" style=\"width:100%;height:600px\" aria-label=\"Einbettung von SoVD-Beitrittsformular-handschriftlich.\"><\/object><a id=\"wp-block-file--media-ca51926b-dc02-4529-91ce-fd78de20e6db\" href=\"https:\/\/sovdladelund.de\/wp-content\/uploads\/2022\/08\/SoVD-Beitrittsformular-handschriftlich.pdf\">SoVD-Beitrittsformular-handschriftlich<\/a><a href=\"https:\/\/sovdladelund.de\/wp-content\/uploads\/2022\/08\/SoVD-Beitrittsformular-handschriftlich.pdf\" class=\"wp-block-file__button wp-element-button\" download aria-describedby=\"wp-block-file--media-ca51926b-dc02-4529-91ce-fd78de20e6db\">Herunterladen<\/a><\/div>\n","protected":false},"excerpt":{"rendered":"<p>Kontakt Email : sovdladelund@gmail.com Ansprechpartner im Vorstand sind: Stand seit Oktober 2023 Die Fotos werden vom OV Ladelund zur Verf\u00fcgung gestellt. Sie sind urheberrechtlich gesch\u00fctzt. Jede weitere Verwendung ist untersagt. Wenn Sie ein Foto entfernt haben m\u00f6chten, informieren Sie uns bitte. Du hast noch Fragen? Dann kontaktiere uns hier<\/p>\n","protected":false},"author":1,"featured_media":0,"parent":0,"menu_order":0,"comment_status":"closed","ping_status":"closed","template":"","meta":{"footnotes":""},"class_list":["post-55","page","type-page","status-publish","hentry","entry"],"yoast_head":"<!-- This site is optimized with the Yoast SEO plugin v25.5 - https:\/\/yoast.com\/wordpress\/plugins\/seo\/ -->\n<title>Kontakt - Sozialverband Ladelund<\/title>\n<meta name=\"robots\" content=\"index, follow, max-snippet:-1, max-image-preview:large, max-video-preview:-1\" \/>\n<link rel=\"canonical\" href=\"https:\/\/sovdladelund.de\/index.php\/kontakt\/\" \/>\n<meta property=\"og:locale\" content=\"de_DE\" \/>\n<meta property=\"og:type\" content=\"article\" \/>\n<meta property=\"og:title\" content=\"Kontakt - Sozialverband Ladelund\" \/>\n<meta property=\"og:description\" content=\"Kontakt Email : sovdladelund@gmail.com Ansprechpartner im Vorstand sind: Stand seit Oktober 2023 Die Fotos werden vom OV Ladelund zur Verf\u00fcgung gestellt. Sie sind urheberrechtlich gesch\u00fctzt. Jede weitere Verwendung ist untersagt. Wenn Sie ein Foto entfernt haben m\u00f6chten, informieren Sie uns bitte. Du hast noch Fragen? Dann kontaktiere uns hier\" \/>\n<meta property=\"og:url\" content=\"https:\/\/sovdladelund.de\/index.php\/kontakt\/\" \/>\n<meta property=\"og:site_name\" content=\"Sozialverband Ladelund\" \/>\n<meta property=\"article:publisher\" content=\"https:\/\/www.facebook.com\/groups\/381158450765117\" \/>\n<meta property=\"article:modified_time\" content=\"2024-01-11T15:22:05+00:00\" \/>\n<meta name=\"twitter:card\" content=\"summary_large_image\" \/>\n<meta name=\"twitter:label1\" content=\"Gesch\u00e4tzte Lesezeit\" \/>\n\t<meta name=\"twitter:data1\" content=\"1\u00a0Minute\" \/>\n<script type=\"application\/ld+json\" class=\"yoast-schema-graph\">{\"@context\":\"https:\/\/schema.org\",\"@graph\":[{\"@type\":\"WebPage\",\"@id\":\"https:\/\/sovdladelund.de\/index.php\/kontakt\/\",\"url\":\"https:\/\/sovdladelund.de\/index.php\/kontakt\/\",\"name\":\"Kontakt - Sozialverband Ladelund\",\"isPartOf\":{\"@id\":\"https:\/\/sovdladelund.de\/#website\"},\"datePublished\":\"2022-08-09T15:08:50+00:00\",\"dateModified\":\"2024-01-11T15:22:05+00:00\",\"breadcrumb\":{\"@id\":\"https:\/\/sovdladelund.de\/index.php\/kontakt\/#breadcrumb\"},\"inLanguage\":\"de\",\"potentialAction\":[{\"@type\":\"ReadAction\",\"target\":[\"https:\/\/sovdladelund.de\/index.php\/kontakt\/\"]}]},{\"@type\":\"BreadcrumbList\",\"@id\":\"https:\/\/sovdladelund.de\/index.php\/kontakt\/#breadcrumb\",\"itemListElement\":[{\"@type\":\"ListItem\",\"position\":1,\"name\":\"Startseite\",\"item\":\"https:\/\/sovdladelund.de\/\"},{\"@type\":\"ListItem\",\"position\":2,\"name\":\"Kontakt\"}]},{\"@type\":\"WebSite\",\"@id\":\"https:\/\/sovdladelund.de\/#website\",\"url\":\"https:\/\/sovdladelund.de\/\",\"name\":\"Sozialverband Ladelund\",\"description\":\"Gemeinsam sind wir b\u00e4renstark\",\"publisher\":{\"@id\":\"https:\/\/sovdladelund.de\/#organization\"},\"potentialAction\":[{\"@type\":\"SearchAction\",\"target\":{\"@type\":\"EntryPoint\",\"urlTemplate\":\"https:\/\/sovdladelund.de\/?s={search_term_string}\"},\"query-input\":{\"@type\":\"PropertyValueSpecification\",\"valueRequired\":true,\"valueName\":\"search_term_string\"}}],\"inLanguage\":\"de\"},{\"@type\":\"Organization\",\"@id\":\"https:\/\/sovdladelund.de\/#organization\",\"name\":\"Sozialverband Ladelund\",\"url\":\"https:\/\/sovdladelund.de\/\",\"logo\":{\"@type\":\"ImageObject\",\"inLanguage\":\"de\",\"@id\":\"https:\/\/sovdladelund.de\/#\/schema\/logo\/image\/\",\"url\":\"https:\/\/sovdladelund.de\/wp-content\/uploads\/2022\/10\/sovd-logo-1.png\",\"contentUrl\":\"https:\/\/sovdladelund.de\/wp-content\/uploads\/2022\/10\/sovd-logo-1.png\",\"width\":161,\"height\":78,\"caption\":\"Sozialverband Ladelund\"},\"image\":{\"@id\":\"https:\/\/sovdladelund.de\/#\/schema\/logo\/image\/\"},\"sameAs\":[\"https:\/\/www.facebook.com\/groups\/381158450765117\"]}]}<\/script>\n<!-- \/ Yoast SEO plugin. -->","yoast_head_json":{"title":"Kontakt - Sozialverband Ladelund","robots":{"index":"index","follow":"follow","max-snippet":"max-snippet:-1","max-image-preview":"max-image-preview:large","max-video-preview":"max-video-preview:-1"},"canonical":"https:\/\/sovdladelund.de\/index.php\/kontakt\/","og_locale":"de_DE","og_type":"article","og_title":"Kontakt - Sozialverband Ladelund","og_description":"Kontakt Email : sovdladelund@gmail.com Ansprechpartner im Vorstand sind: Stand seit Oktober 2023 Die Fotos werden vom OV Ladelund zur Verf\u00fcgung gestellt. Sie sind urheberrechtlich gesch\u00fctzt. Jede weitere Verwendung ist untersagt. Wenn Sie ein Foto entfernt haben m\u00f6chten, informieren Sie uns bitte. Du hast noch Fragen? Dann kontaktiere uns hier","og_url":"https:\/\/sovdladelund.de\/index.php\/kontakt\/","og_site_name":"Sozialverband Ladelund","article_publisher":"https:\/\/www.facebook.com\/groups\/381158450765117","article_modified_time":"2024-01-11T15:22:05+00:00","twitter_card":"summary_large_image","twitter_misc":{"Gesch\u00e4tzte Lesezeit":"1\u00a0Minute"},"schema":{"@context":"https:\/\/schema.org","@graph":[{"@type":"WebPage","@id":"https:\/\/sovdladelund.de\/index.php\/kontakt\/","url":"https:\/\/sovdladelund.de\/index.php\/kontakt\/","name":"Kontakt - Sozialverband Ladelund","isPartOf":{"@id":"https:\/\/sovdladelund.de\/#website"},"datePublished":"2022-08-09T15:08:50+00:00","dateModified":"2024-01-11T15:22:05+00:00","breadcrumb":{"@id":"https:\/\/sovdladelund.de\/index.php\/kontakt\/#breadcrumb"},"inLanguage":"de","potentialAction":[{"@type":"ReadAction","target":["https:\/\/sovdladelund.de\/index.php\/kontakt\/"]}]},{"@type":"BreadcrumbList","@id":"https:\/\/sovdladelund.de\/index.php\/kontakt\/#breadcrumb","itemListElement":[{"@type":"ListItem","position":1,"name":"Startseite","item":"https:\/\/sovdladelund.de\/"},{"@type":"ListItem","position":2,"name":"Kontakt"}]},{"@type":"WebSite","@id":"https:\/\/sovdladelund.de\/#website","url":"https:\/\/sovdladelund.de\/","name":"Sozialverband Ladelund","description":"Gemeinsam sind wir b\u00e4renstark","publisher":{"@id":"https:\/\/sovdladelund.de\/#organization"},"potentialAction":[{"@type":"SearchAction","target":{"@type":"EntryPoint","urlTemplate":"https:\/\/sovdladelund.de\/?s={search_term_string}"},"query-input":{"@type":"PropertyValueSpecification","valueRequired":true,"valueName":"search_term_string"}}],"inLanguage":"de"},{"@type":"Organization","@id":"https:\/\/sovdladelund.de\/#organization","name":"Sozialverband Ladelund","url":"https:\/\/sovdladelund.de\/","logo":{"@type":"ImageObject","inLanguage":"de","@id":"https:\/\/sovdladelund.de\/#\/schema\/logo\/image\/","url":"https:\/\/sovdladelund.de\/wp-content\/uploads\/2022\/10\/sovd-logo-1.png","contentUrl":"https:\/\/sovdladelund.de\/wp-content\/uploads\/2022\/10\/sovd-logo-1.png","width":161,"height":78,"caption":"Sozialverband Ladelund"},"image":{"@id":"https:\/\/sovdladelund.de\/#\/schema\/logo\/image\/"},"sameAs":["https:\/\/www.facebook.com\/groups\/381158450765117"]}]}},"_links":{"self":[{"href":"https:\/\/sovdladelund.de\/index.php\/wp-json\/wp\/v2\/pages\/55","targetHints":{"allow":["GET"]}}],"collection":[{"href":"https:\/\/sovdladelund.de\/index.php\/wp-json\/wp\/v2\/pages"}],"about":[{"href":"https:\/\/sovdladelund.de\/index.php\/wp-json\/wp\/v2\/types\/page"}],"author":[{"embeddable":true,"href":"https:\/\/sovdladelund.de\/index.php\/wp-json\/wp\/v2\/users\/1"}],"replies":[{"embeddable":true,"href":"https:\/\/sovdladelund.de\/index.php\/wp-json\/wp\/v2\/comments?post=55"}],"version-history":[{"count":8,"href":"https:\/\/sovdladelund.de\/index.php\/wp-json\/wp\/v2\/pages\/55\/revisions"}],"predecessor-version":[{"id":468,"href":"https:\/\/sovdladelund.de\/index.php\/wp-json\/wp\/v2\/pages\/55\/revisions\/468"}],"wp:attachment":[{"href":"https:\/\/sovdladelund.de\/index.php\/wp-json\/wp\/v2\/media?parent=55"}],"curies":[{"name":"wp","href":"https:\/\/api.w.org\/{rel}","templated":true}]}}

<p>Kontakt Email : sovdladelund@gmail.com </p>



<p>Ansprechpartner im Vorstand sind:</p>



<ul class="wp-block-list">
<li>1.Vorsitzender Wilfried Dix Dorfstraße 4 25926 Ladelund Telefon 04666 1070</li>



<li>2.Vorsitzende Monika Abele Jordholm 5 25926 Ladelund Telefon 04666 9898992</li>



<li>Schatzmeister Rebekka Pörksen Petersen</li>



<li>Schriftführerein Mariechen Dix</li>



<li>Frauenbeauftragte Birgit Lewe</li>



<li>Beisitzer Holger Petersen </li>



<li>Beisitzende Birgit Lewe</li>



<li>Revisorin Friedel Petersen</li>



<li>Revisor Ralf Petersen </li>



<li>Revisorin Jutta Neben</li>
</ul>



<p>Stand seit Oktober 2023</p>



<p>Die Fotos werden vom OV Ladelund zur Verfügung gestellt. Sie sind urheberrechtlich geschützt. Jede weitere Verwendung ist untersagt. Wenn Sie ein Foto entfernt haben möchten, informieren Sie uns bitte.</p>



<p><strong>Du hast noch Fragen? Dann kontaktiere uns hier</strong></p>


<div class="wpforms-container wpforms-container-full wpforms-block wpforms-block-d29ed5db-4970-429d-89f4-16760f195c97" id="wpforms-192"><form id="wpforms-form-192" class="wpforms-validate wpforms-form wpforms-ajax-form" data-formid="192" method="post" enctype="multipart/form-data" action="/index.php/wp-json/wp/v2/pages/55" data-token="4bc85a25cdea81f77e601f0a66bf7ed6" data-token-time="1777202157"><noscript class="wpforms-error-noscript">Bitte aktiviere JavaScript in deinem Browser, um dieses Formular fertigzustellen.</noscript><div class="wpforms-field-container"><div id="wpforms-192-field_0-container" class="wpforms-field wpforms-field-name" data-field-id="0"><label class="wpforms-field-label">Name <span class="wpforms-required-label">*</span></label><div class="wpforms-field-row wpforms-field-medium"><div class="wpforms-field-row-block wpforms-first wpforms-one-half"><input type="text" id="wpforms-192-field_0" class="wpforms-field-name-first wpforms-field-required" name="wpforms[fields][0][first]" required><label for="wpforms-192-field_0" class="wpforms-field-sublabel after">Vorname</label></div><div class="wpforms-field-row-block wpforms-one-half"><input type="text" id="wpforms-192-field_0-last" class="wpforms-field-name-last wpforms-field-required" name="wpforms[fields][0][last]" required><label for="wpforms-192-field_0-last" class="wpforms-field-sublabel after">Nachname</label></div></div></div><div id="wpforms-192-field_1-container" class="wpforms-field wpforms-field-email" data-field-id="1"><label class="wpforms-field-label" for="wpforms-192-field_1">E-Mail <span class="wpforms-required-label">*</span></label><input type="email" id="wpforms-192-field_1" class="wpforms-field-medium wpforms-field-required" name="wpforms[fields][1]" spellcheck="false" required></div><div id="wpforms-192-field_2-container" class="wpforms-field wpforms-field-textarea" data-field-id="2"><label class="wpforms-field-label" for="wpforms-192-field_2">Kommentar oder Nachricht</label><textarea id="wpforms-192-field_2" class="wpforms-field-medium" name="wpforms[fields][2]" ></textarea></div></div><!-- .wpforms-field-container --><div class="wpforms-submit-container" ><input type="hidden" name="wpforms[id]" value="192"><input type="hidden" name="page_title" value=""><input type="hidden" name="page_url" value="https://sovdladelund.de/index.php/wp-json/wp/v2/pages/55"><input type="hidden" name="url_referer" value=""><button type="submit" name="wpforms[submit]" id="wpforms-submit-192" class="wpforms-submit" data-alt-text="Senden…" data-submit-text="Absenden" aria-live="assertive" value="wpforms-submit">Absenden</button><img loading="lazy" decoding="async" src="https://sovdladelund.de/wp-content/plugins/wpforms-lite/assets/images/submit-spin.svg" class="wpforms-submit-spinner" style="display: none;" width="26" height="26" alt="Wird geladen"></div></form></div>  <!-- .wpforms-container -->


<div data-wp-interactive="core/file" class="wp-block-file"><object data-wp-bind--hidden="!state.hasPdfPreview" hidden class="wp-block-file__embed" data="https://sovdladelund.de/wp-content/uploads/2022/08/SoVD-Beitrittsformular-handschriftlich.pdf" type="application/pdf" style="width:100%;height:600px" aria-label="Einbettung von SoVD-Beitrittsformular-handschriftlich."></object><a id="wp-block-file--media-ca51926b-dc02-4529-91ce-fd78de20e6db" href="https://sovdladelund.de/wp-content/uploads/2022/08/SoVD-Beitrittsformular-handschriftlich.pdf">SoVD-Beitrittsformular-handschriftlich</a><a href="https://sovdladelund.de/wp-content/uploads/2022/08/SoVD-Beitrittsformular-handschriftlich.pdf" class="wp-block-file__button wp-element-button" download aria-describedby="wp-block-file--media-ca51926b-dc02-4529-91ce-fd78de20e6db">Herunterladen</a></div>

<p>Kontakt Email : sovdladelund@gmail.com Ansprechpartner im Vorstand sind: Stand seit Oktober 2023 Die Fotos werden vom OV Ladelund zur Verfügung gestellt. Sie sind urheberrechtlich geschützt. Jede weitere Verwendung ist untersagt. Wenn Sie ein Foto entfernt haben möchten, informieren Sie uns bitte. Du hast noch Fragen? Dann kontaktiere uns hier</p>

<!-- This site is optimized with the Yoast SEO plugin v25.5 - https://yoast.com/wordpress/plugins/seo/ -->
<title>Kontakt - Sozialverband Ladelund</title>
<meta name="robots" content="index, follow, max-snippet:-1, max-image-preview:large, max-video-preview:-1" />
<link rel="canonical" href="https://sovdladelund.de/index.php/kontakt/" />
<meta property="og:locale" content="de_DE" />
<meta property="og:type" content="article" />
<meta property="og:title" content="Kontakt - Sozialverband Ladelund" />
<meta property="og:description" content="Kontakt Email : sovdladelund@gmail.com Ansprechpartner im Vorstand sind: Stand seit Oktober 2023 Die Fotos werden vom OV Ladelund zur Verfügung gestellt. Sie sind urheberrechtlich geschützt. Jede weitere Verwendung ist untersagt. Wenn Sie ein Foto entfernt haben möchten, informieren Sie uns bitte. Du hast noch Fragen? Dann kontaktiere uns hier" />
<meta property="og:url" content="https://sovdladelund.de/index.php/kontakt/" />
<meta property="og:site_name" content="Sozialverband Ladelund" />
<meta property="article:publisher" content="https://www.facebook.com/groups/381158450765117" />
<meta property="article:modified_time" content="2024-01-11T15:22:05+00:00" />
<meta name="twitter:card" content="summary_large_image" />
<meta name="twitter:label1" content="Geschätzte Lesezeit" />
	<meta name="twitter:data1" content="1 Minute" />
<script type="application/ld+json" class="yoast-schema-graph">{"@context":"https://schema.org","@graph":[{"@type":"WebPage","@id":"https://sovdladelund.de/index.php/kontakt/","url":"https://sovdladelund.de/index.php/kontakt/","name":"Kontakt - Sozialverband Ladelund","isPartOf":{"@id":"https://sovdladelund.de/#website"},"datePublished":"2022-08-09T15:08:50+00:00","dateModified":"2024-01-11T15:22:05+00:00","breadcrumb":{"@id":"https://sovdladelund.de/index.php/kontakt/#breadcrumb"},"inLanguage":"de","potentialAction":[{"@type":"ReadAction","target":["https://sovdladelund.de/index.php/kontakt/"]}]},{"@type":"BreadcrumbList","@id":"https://sovdladelund.de/index.php/kontakt/#breadcrumb","itemListElement":[{"@type":"ListItem","position":1,"name":"Startseite","item":"https://sovdladelund.de/"},{"@type":"ListItem","position":2,"name":"Kontakt"}]},{"@type":"WebSite","@id":"https://sovdladelund.de/#website","url":"https://sovdladelund.de/","name":"Sozialverband Ladelund","description":"Gemeinsam sind wir bärenstark","publisher":{"@id":"https://sovdladelund.de/#organization"},"potentialAction":[{"@type":"SearchAction","target":{"@type":"EntryPoint","urlTemplate":"https://sovdladelund.de/?s={search_term_string}"},"query-input":{"@type":"PropertyValueSpecification","valueRequired":true,"valueName":"search_term_string"}}],"inLanguage":"de"},{"@type":"Organization","@id":"https://sovdladelund.de/#organization","name":"Sozialverband Ladelund","url":"https://sovdladelund.de/","logo":{"@type":"ImageObject","inLanguage":"de","@id":"https://sovdladelund.de/#/schema/logo/image/","url":"https://sovdladelund.de/wp-content/uploads/2022/10/sovd-logo-1.png","contentUrl":"https://sovdladelund.de/wp-content/uploads/2022/10/sovd-logo-1.png","width":161,"height":78,"caption":"Sozialverband Ladelund"},"image":{"@id":"https://sovdladelund.de/#/schema/logo/image/"},"sameAs":["https://www.facebook.com/groups/381158450765117"]}]}</script>
<!-- / Yoast SEO plugin. -->

Kontakt Email : sovdladelund@gmail.com Ansprechpartner im Vorstand sind: Stand seit Oktober 2023 Die Fotos werden vom OV Ladelund zur Verfügung gestellt. Sie sind urheberrechtlich geschützt. Jede weitere Verwendung ist untersagt. Wenn Sie ein Foto entfernt haben möchten, informieren Sie uns bitte. Du hast noch Fragen? Dann kontaktiere uns hier

Gemeinsam sind wir bärenstark
