{"id":45,"date":"2022-08-09T15:07:11","date_gmt":"2022-08-09T15:07:11","guid":{"rendered":"https:\/\/sovdladelund.de\/?page_id=45"},"modified":"2022-08-22T13:56:03","modified_gmt":"2022-08-22T13:56:03","slug":"sozialverband-deutschland","status":"publish","type":"page","link":"https:\/\/sovdladelund.de\/index.php\/sozialverband-deutschland\/","title":{"rendered":"Sozialverband Deutschland"},"content":{"rendered":"\n<div class=\"wp-block-columns alignwide is-style-default is-layout-flex wp-container-core-columns-is-layout-9d6595d7 wp-block-columns-is-layout-flex\">\n<div class=\"wp-block-column is-layout-flow wp-block-column-is-layout-flow\" style=\"flex-basis:66.66%\">\n<p>Der Sozialverband Ladelund ist eine starke Organisation, die Ihre Rechte durchsetzt!<\/p>\n<p>Seit seiner Gr\u00fcndung 1917 setzt sich der Sozialverband Deutschland &#8211; ehemals Reichsbund, f\u00fcr ein H\u00f6chstma\u00df an sozialer Gerechtigkeit und die St\u00e4rkung unseres Sozialstaates Deutschland ein.<\/p>\n<p>Die Verbesserung und Durchsetzung der Rechte kranker, chronisch Kranker, behinderter, pflegebed\u00fcrftiger und \u00e4lterer Menschen haben wir uns zum Ziel gesetzt!<\/p>\n<p>Unsere Ziele sind Ihre Interessen!<\/p>\n<ul>\n<li>Sozialstaatlichkeit und Solidarit\u00e4t statt Ellbogengesellschaft und Ausgrenzung<\/li>\n<li>Sicherung und Ausbau bew\u00e4hrter Sozialleistungen sowie Abbau hoher Arbeitslosigkeit statt wachsender Armut und zunehmender Spaltung der Gesellschaft<\/li>\n<li>Umfassende Versorgung f\u00fcr kranke und chronisch kranke Menschen durch eine starke solidarische Krankenversicherung statt Privatisierung sozialer Risiken.<\/li>\n<li>Gew\u00e4hrleistung einer Menschenw\u00fcrdigen Pflege und soziale Sicherheit im Alter<\/li>\n<li>Selbstbestimmung, Chancengleichheit und vollst\u00e4ndige Teilhabe f\u00fcr Menschen mit Behinderung<\/li>\n<\/ul>\n<p>Der Sozialverband e.V. Deutschland informiert \u00fcber Sozialpolitik und Sozialrecht in Mitgliederversammlungen, sowie auf der Internetseite des <a href=\"http:\/\/www.sozialverband.de\">Sozialverband Deutschland.<\/a><\/p>\n<p>Der Sozialverband Deutschland hilft seinen Mitgliedern bei der Antragstellung und Durchsetzung von Anspr\u00fcchen aus dem Sozialrecht gegen\u00fcber den Beh\u00f6rden z.B. im Rahmen der<\/p>\n<ul>\n<li>Kranken-<\/li>\n<li>Pflege-<\/li>\n<li>Renten-<\/li>\n<li>Unfall- und<\/li>\n<li>Arbeitsversicherung sowie<\/li>\n<li>in Fragen des Behindertenrechts<\/li>\n<li>der Grundsicherung<\/li>\n<li>des Arbeitslosengeldes II<\/li>\n<li>der Sozialhilfe<\/li>\n<\/ul>\n<p>Er hat daf\u00fcr erfahrene Mitarbeiter und Mitarbeiterinnen, die Mitglieder gegen\u00fcber \u00c4mter, Beh\u00f6rden und vor Sozialgerichten vertreten.<\/p>\n<\/div>\n\n\n\n<div class=\"wp-block-column is-layout-flow wp-block-column-is-layout-flow\" style=\"flex-basis:33.33%\">\n<figure class=\"wp-block-image size-full\"><img loading=\"lazy\" decoding=\"async\" width=\"275\" height=\"183\" src=\"https:\/\/sovdladelund.de\/wp-content\/uploads\/2022\/08\/Grafik-neues-Logo.jpg\" alt=\"\" class=\"wp-image-262\"\/><figcaption>Gemeinsam sind wir b\u00e4renstark <\/figcaption><\/figure>\n\n\n\n<figure class=\"wp-block-image size-full\"><img loading=\"lazy\" decoding=\"async\" width=\"356\" height=\"142\" src=\"https:\/\/sovdladelund.de\/wp-content\/uploads\/2022\/08\/images.jpg\" alt=\"\" class=\"wp-image-185\" srcset=\"https:\/\/sovdladelund.de\/wp-content\/uploads\/2022\/08\/images.jpg 356w, https:\/\/sovdladelund.de\/wp-content\/uploads\/2022\/08\/images-300x120.jpg 300w\" sizes=\"auto, (max-width: 356px) 100vw, 356px\" \/><\/figure>\n<\/div>\n<\/div>\n","protected":false},"excerpt":{"rendered":"<p>Der Sozialverband Ladelund ist eine starke Organisation, die Ihre Rechte durchsetzt! Seit seiner Gr\u00fcndung 1917 setzt sich der Sozialverband Deutschland &#8211; ehemals Reichsbund, f\u00fcr ein H\u00f6chstma\u00df an sozialer Gerechtigkeit und die St\u00e4rkung unseres Sozialstaates Deutschland ein. Die Verbesserung und Durchsetzung der Rechte kranker, chronisch Kranker, behinderter, pflegebed\u00fcrftiger und \u00e4lterer Menschen haben wir uns zum Ziel&hellip; <a class=\"more-link\" href=\"https:\/\/sovdladelund.de\/index.php\/sozialverband-deutschland\/\"><span class=\"screen-reader-text\">Sozialverband Deutschland<\/span> weiterlesen<\/a><\/p>\n","protected":false},"author":1,"featured_media":0,"parent":0,"menu_order":0,"comment_status":"closed","ping_status":"closed","template":"","meta":{"footnotes":""},"class_list":["post-45","page","type-page","status-publish","hentry","entry"],"yoast_head":"<!-- This site is optimized with the Yoast SEO plugin v25.5 - https:\/\/yoast.com\/wordpress\/plugins\/seo\/ -->\n<title>Sozialverband Deutschland - Sozialverband Ladelund<\/title>\n<meta name=\"robots\" content=\"index, follow, max-snippet:-1, max-image-preview:large, max-video-preview:-1\" \/>\n<link rel=\"canonical\" href=\"https:\/\/sovdladelund.de\/index.php\/sozialverband-deutschland\/\" \/>\n<meta property=\"og:locale\" content=\"de_DE\" \/>\n<meta property=\"og:type\" content=\"article\" \/>\n<meta property=\"og:title\" content=\"Sozialverband Deutschland - Sozialverband Ladelund\" \/>\n<meta property=\"og:description\" content=\"Der Sozialverband Ladelund ist eine starke Organisation, die Ihre Rechte durchsetzt! Seit seiner Gr\u00fcndung 1917 setzt sich der Sozialverband Deutschland &#8211; ehemals Reichsbund, f\u00fcr ein H\u00f6chstma\u00df an sozialer Gerechtigkeit und die St\u00e4rkung unseres Sozialstaates Deutschland ein. Die Verbesserung und Durchsetzung der Rechte kranker, chronisch Kranker, behinderter, pflegebed\u00fcrftiger und \u00e4lterer Menschen haben wir uns zum Ziel&hellip; Sozialverband Deutschland weiterlesen\" \/>\n<meta property=\"og:url\" content=\"https:\/\/sovdladelund.de\/index.php\/sozialverband-deutschland\/\" \/>\n<meta property=\"og:site_name\" content=\"Sozialverband Ladelund\" \/>\n<meta property=\"article:publisher\" content=\"https:\/\/www.facebook.com\/groups\/381158450765117\" \/>\n<meta property=\"article:modified_time\" content=\"2022-08-22T13:56:03+00:00\" \/>\n<meta property=\"og:image\" content=\"https:\/\/sovdladelund.de\/wp-content\/uploads\/2022\/08\/Grafik-neues-Logo.jpg\" \/>\n<meta name=\"twitter:card\" content=\"summary_large_image\" \/>\n<meta name=\"twitter:label1\" content=\"Gesch\u00e4tzte Lesezeit\" \/>\n\t<meta name=\"twitter:data1\" content=\"2\u00a0Minuten\" \/>\n<script type=\"application\/ld+json\" class=\"yoast-schema-graph\">{\"@context\":\"https:\/\/schema.org\",\"@graph\":[{\"@type\":\"WebPage\",\"@id\":\"https:\/\/sovdladelund.de\/index.php\/sozialverband-deutschland\/\",\"url\":\"https:\/\/sovdladelund.de\/index.php\/sozialverband-deutschland\/\",\"name\":\"Sozialverband Deutschland - Sozialverband Ladelund\",\"isPartOf\":{\"@id\":\"https:\/\/sovdladelund.de\/#website\"},\"primaryImageOfPage\":{\"@id\":\"https:\/\/sovdladelund.de\/index.php\/sozialverband-deutschland\/#primaryimage\"},\"image\":{\"@id\":\"https:\/\/sovdladelund.de\/index.php\/sozialverband-deutschland\/#primaryimage\"},\"thumbnailUrl\":\"https:\/\/sovdladelund.de\/wp-content\/uploads\/2022\/08\/Grafik-neues-Logo.jpg\",\"datePublished\":\"2022-08-09T15:07:11+00:00\",\"dateModified\":\"2022-08-22T13:56:03+00:00\",\"breadcrumb\":{\"@id\":\"https:\/\/sovdladelund.de\/index.php\/sozialverband-deutschland\/#breadcrumb\"},\"inLanguage\":\"de\",\"potentialAction\":[{\"@type\":\"ReadAction\",\"target\":[\"https:\/\/sovdladelund.de\/index.php\/sozialverband-deutschland\/\"]}]},{\"@type\":\"ImageObject\",\"inLanguage\":\"de\",\"@id\":\"https:\/\/sovdladelund.de\/index.php\/sozialverband-deutschland\/#primaryimage\",\"url\":\"https:\/\/sovdladelund.de\/wp-content\/uploads\/2022\/08\/Grafik-neues-Logo.jpg\",\"contentUrl\":\"https:\/\/sovdladelund.de\/wp-content\/uploads\/2022\/08\/Grafik-neues-Logo.jpg\",\"width\":275,\"height\":183},{\"@type\":\"BreadcrumbList\",\"@id\":\"https:\/\/sovdladelund.de\/index.php\/sozialverband-deutschland\/#breadcrumb\",\"itemListElement\":[{\"@type\":\"ListItem\",\"position\":1,\"name\":\"Startseite\",\"item\":\"https:\/\/sovdladelund.de\/\"},{\"@type\":\"ListItem\",\"position\":2,\"name\":\"Sozialverband Deutschland\"}]},{\"@type\":\"WebSite\",\"@id\":\"https:\/\/sovdladelund.de\/#website\",\"url\":\"https:\/\/sovdladelund.de\/\",\"name\":\"Sozialverband Ladelund\",\"description\":\"Gemeinsam sind wir b\u00e4renstark\",\"publisher\":{\"@id\":\"https:\/\/sovdladelund.de\/#organization\"},\"potentialAction\":[{\"@type\":\"SearchAction\",\"target\":{\"@type\":\"EntryPoint\",\"urlTemplate\":\"https:\/\/sovdladelund.de\/?s={search_term_string}\"},\"query-input\":{\"@type\":\"PropertyValueSpecification\",\"valueRequired\":true,\"valueName\":\"search_term_string\"}}],\"inLanguage\":\"de\"},{\"@type\":\"Organization\",\"@id\":\"https:\/\/sovdladelund.de\/#organization\",\"name\":\"Sozialverband Ladelund\",\"url\":\"https:\/\/sovdladelund.de\/\",\"logo\":{\"@type\":\"ImageObject\",\"inLanguage\":\"de\",\"@id\":\"https:\/\/sovdladelund.de\/#\/schema\/logo\/image\/\",\"url\":\"https:\/\/sovdladelund.de\/wp-content\/uploads\/2022\/10\/sovd-logo-1.png\",\"contentUrl\":\"https:\/\/sovdladelund.de\/wp-content\/uploads\/2022\/10\/sovd-logo-1.png\",\"width\":161,\"height\":78,\"caption\":\"Sozialverband Ladelund\"},\"image\":{\"@id\":\"https:\/\/sovdladelund.de\/#\/schema\/logo\/image\/\"},\"sameAs\":[\"https:\/\/www.facebook.com\/groups\/381158450765117\"]}]}<\/script>\n<!-- \/ Yoast SEO plugin. -->","yoast_head_json":{"title":"Sozialverband Deutschland - Sozialverband Ladelund","robots":{"index":"index","follow":"follow","max-snippet":"max-snippet:-1","max-image-preview":"max-image-preview:large","max-video-preview":"max-video-preview:-1"},"canonical":"https:\/\/sovdladelund.de\/index.php\/sozialverband-deutschland\/","og_locale":"de_DE","og_type":"article","og_title":"Sozialverband Deutschland - Sozialverband Ladelund","og_description":"Der Sozialverband Ladelund ist eine starke Organisation, die Ihre Rechte durchsetzt! Seit seiner Gr\u00fcndung 1917 setzt sich der Sozialverband Deutschland &#8211; ehemals Reichsbund, f\u00fcr ein H\u00f6chstma\u00df an sozialer Gerechtigkeit und die St\u00e4rkung unseres Sozialstaates Deutschland ein. Die Verbesserung und Durchsetzung der Rechte kranker, chronisch Kranker, behinderter, pflegebed\u00fcrftiger und \u00e4lterer Menschen haben wir uns zum Ziel&hellip; Sozialverband Deutschland weiterlesen","og_url":"https:\/\/sovdladelund.de\/index.php\/sozialverband-deutschland\/","og_site_name":"Sozialverband Ladelund","article_publisher":"https:\/\/www.facebook.com\/groups\/381158450765117","article_modified_time":"2022-08-22T13:56:03+00:00","og_image":[{"url":"https:\/\/sovdladelund.de\/wp-content\/uploads\/2022\/08\/Grafik-neues-Logo.jpg","type":"","width":"","height":""}],"twitter_card":"summary_large_image","twitter_misc":{"Gesch\u00e4tzte Lesezeit":"2\u00a0Minuten"},"schema":{"@context":"https:\/\/schema.org","@graph":[{"@type":"WebPage","@id":"https:\/\/sovdladelund.de\/index.php\/sozialverband-deutschland\/","url":"https:\/\/sovdladelund.de\/index.php\/sozialverband-deutschland\/","name":"Sozialverband Deutschland - Sozialverband Ladelund","isPartOf":{"@id":"https:\/\/sovdladelund.de\/#website"},"primaryImageOfPage":{"@id":"https:\/\/sovdladelund.de\/index.php\/sozialverband-deutschland\/#primaryimage"},"image":{"@id":"https:\/\/sovdladelund.de\/index.php\/sozialverband-deutschland\/#primaryimage"},"thumbnailUrl":"https:\/\/sovdladelund.de\/wp-content\/uploads\/2022\/08\/Grafik-neues-Logo.jpg","datePublished":"2022-08-09T15:07:11+00:00","dateModified":"2022-08-22T13:56:03+00:00","breadcrumb":{"@id":"https:\/\/sovdladelund.de\/index.php\/sozialverband-deutschland\/#breadcrumb"},"inLanguage":"de","potentialAction":[{"@type":"ReadAction","target":["https:\/\/sovdladelund.de\/index.php\/sozialverband-deutschland\/"]}]},{"@type":"ImageObject","inLanguage":"de","@id":"https:\/\/sovdladelund.de\/index.php\/sozialverband-deutschland\/#primaryimage","url":"https:\/\/sovdladelund.de\/wp-content\/uploads\/2022\/08\/Grafik-neues-Logo.jpg","contentUrl":"https:\/\/sovdladelund.de\/wp-content\/uploads\/2022\/08\/Grafik-neues-Logo.jpg","width":275,"height":183},{"@type":"BreadcrumbList","@id":"https:\/\/sovdladelund.de\/index.php\/sozialverband-deutschland\/#breadcrumb","itemListElement":[{"@type":"ListItem","position":1,"name":"Startseite","item":"https:\/\/sovdladelund.de\/"},{"@type":"ListItem","position":2,"name":"Sozialverband Deutschland"}]},{"@type":"WebSite","@id":"https:\/\/sovdladelund.de\/#website","url":"https:\/\/sovdladelund.de\/","name":"Sozialverband Ladelund","description":"Gemeinsam sind wir b\u00e4renstark","publisher":{"@id":"https:\/\/sovdladelund.de\/#organization"},"potentialAction":[{"@type":"SearchAction","target":{"@type":"EntryPoint","urlTemplate":"https:\/\/sovdladelund.de\/?s={search_term_string}"},"query-input":{"@type":"PropertyValueSpecification","valueRequired":true,"valueName":"search_term_string"}}],"inLanguage":"de"},{"@type":"Organization","@id":"https:\/\/sovdladelund.de\/#organization","name":"Sozialverband Ladelund","url":"https:\/\/sovdladelund.de\/","logo":{"@type":"ImageObject","inLanguage":"de","@id":"https:\/\/sovdladelund.de\/#\/schema\/logo\/image\/","url":"https:\/\/sovdladelund.de\/wp-content\/uploads\/2022\/10\/sovd-logo-1.png","contentUrl":"https:\/\/sovdladelund.de\/wp-content\/uploads\/2022\/10\/sovd-logo-1.png","width":161,"height":78,"caption":"Sozialverband Ladelund"},"image":{"@id":"https:\/\/sovdladelund.de\/#\/schema\/logo\/image\/"},"sameAs":["https:\/\/www.facebook.com\/groups\/381158450765117"]}]}},"_links":{"self":[{"href":"https:\/\/sovdladelund.de\/index.php\/wp-json\/wp\/v2\/pages\/45","targetHints":{"allow":["GET"]}}],"collection":[{"href":"https:\/\/sovdladelund.de\/index.php\/wp-json\/wp\/v2\/pages"}],"about":[{"href":"https:\/\/sovdladelund.de\/index.php\/wp-json\/wp\/v2\/types\/page"}],"author":[{"embeddable":true,"href":"https:\/\/sovdladelund.de\/index.php\/wp-json\/wp\/v2\/users\/1"}],"replies":[{"embeddable":true,"href":"https:\/\/sovdladelund.de\/index.php\/wp-json\/wp\/v2\/comments?post=45"}],"version-history":[{"count":8,"href":"https:\/\/sovdladelund.de\/index.php\/wp-json\/wp\/v2\/pages\/45\/revisions"}],"predecessor-version":[{"id":279,"href":"https:\/\/sovdladelund.de\/index.php\/wp-json\/wp\/v2\/pages\/45\/revisions\/279"}],"wp:attachment":[{"href":"https:\/\/sovdladelund.de\/index.php\/wp-json\/wp\/v2\/media?parent=45"}],"curies":[{"name":"wp","href":"https:\/\/api.w.org\/{rel}","templated":true}]}}