{"version":"1.0","provider_name":"Sozialverband Ladelund","provider_url":"https:\/\/sovdladelund.de","author_name":"Monika","author_url":"https:\/\/sovdladelund.de\/index.php\/author\/347002\/","title":"Sozialverband Deutschland - Sozialverband Ladelund","type":"rich","width":600,"height":338,"html":"<blockquote class=\"wp-embedded-content\" data-secret=\"MjlrRekL1D\"><a href=\"https:\/\/sovdladelund.de\/index.php\/sozialverband-deutschland\/\">Sozialverband Deutschland<\/a><\/blockquote><iframe sandbox=\"allow-scripts\" security=\"restricted\" src=\"https:\/\/sovdladelund.de\/index.php\/sozialverband-deutschland\/embed\/#?secret=MjlrRekL1D\" width=\"600\" height=\"338\" title=\"&#8222;Sozialverband Deutschland&#8220; &#8211; Sozialverband Ladelund\" data-secret=\"MjlrRekL1D\" frameborder=\"0\" marginwidth=\"0\" marginheight=\"0\" scrolling=\"no\" class=\"wp-embedded-content\"><\/iframe><script>\n\/*! This file is auto-generated *\/\n!function(d,l){\"use strict\";l.querySelector&&d.addEventListener&&\"undefined\"!=typeof URL&&(d.wp=d.wp||{},d.wp.receiveEmbedMessage||(d.wp.receiveEmbedMessage=function(e){var t=e.data;if((t||t.secret||t.message||t.value)&&!\/[^a-zA-Z0-9]\/.test(t.secret)){for(var s,r,n,a=l.querySelectorAll('iframe[data-secret=\"'+t.secret+'\"]'),o=l.querySelectorAll('blockquote[data-secret=\"'+t.secret+'\"]'),c=new RegExp(\"^https?:$\",\"i\"),i=0;i<o.length;i++)o[i].style.display=\"none\";for(i=0;i<a.length;i++)s=a[i],e.source===s.contentWindow&&(s.removeAttribute(\"style\"),\"height\"===t.message?(1e3<(r=parseInt(t.value,10))?r=1e3:~~r<200&&(r=200),s.height=r):\"link\"===t.message&&(r=new URL(s.getAttribute(\"src\")),n=new URL(t.value),c.test(n.protocol))&&n.host===r.host&&l.activeElement===s&&(d.top.location.href=t.value))}},d.addEventListener(\"message\",d.wp.receiveEmbedMessage,!1),l.addEventListener(\"DOMContentLoaded\",function(){for(var e,t,s=l.querySelectorAll(\"iframe.wp-embedded-content\"),r=0;r<s.length;r++)(t=(e=s[r]).getAttribute(\"data-secret\"))||(t=Math.random().toString(36).substring(2,12),e.src+=\"#?secret=\"+t,e.setAttribute(\"data-secret\",t)),e.contentWindow.postMessage({message:\"ready\",secret:t},\"*\")},!1)))}(window,document);\n\/\/# sourceURL=https:\/\/sovdladelund.de\/wp-includes\/js\/wp-embed.min.js\n<\/script>\n","description":"Der Sozialverband Ladelund ist eine starke Organisation, die Ihre Rechte durchsetzt! Seit seiner Gr\u00fcndung 1917 setzt sich der Sozialverband Deutschland &#8211; ehemals Reichsbund, f\u00fcr ein H\u00f6chstma\u00df an sozialer Gerechtigkeit und die St\u00e4rkung unseres Sozialstaates Deutschland ein. Die Verbesserung und Durchsetzung der Rechte kranker, chronisch Kranker, behinderter, pflegebed\u00fcrftiger und \u00e4lterer Menschen haben wir uns zum Ziel&hellip; Ohne Titel weiterlesen","thumbnail_url":"https:\/\/sovdladelund.de\/wp-content\/uploads\/2022\/08\/Grafik-neues-Logo.jpg"}

Der Sozialverband Ladelund ist eine starke Organisation, die Ihre Rechte durchsetzt! Seit seiner Gründung 1917 setzt sich der Sozialverband Deutschland &#8211; ehemals Reichsbund, für ein Höchstmaß an sozialer Gerechtigkeit und die Stärkung unseres Sozialstaates Deutschland ein. Die Verbesserung und Durchsetzung der Rechte kranker, chronisch Kranker, behinderter, pflegebedürftiger und älterer Menschen haben wir uns zum Ziel&hellip; Ohne Titel weiterlesen
